.
-17
Let j(s) be the second derivative of -s**5/60 - 3*s**4/8 - 5*s**3/3 - 9*s**2/2 + 33*s. Let l(f) be the first derivative of j(f). Calculate l(-9).
-10
Let r(j) = 19*j + 1 - 1 - 1. Let n = -40940 + 40939. What is r(n)?
-20
Let y(z) = -z**2 - 6*z - 2. Let t(m) = -m**3 - 13*m**2 - 13*m - 17. Let p(b) = -b - 4. Let k be p(-6). Suppose d = -k - 10. Let l be t(d). Calculate y(l).
3
Let x(z) = -16*z + 503. Let f be x(31). Let v(r) = r**3 - 8*r**2 + 7*r - 2. Give v(f).
-2
Let c be ((-42)/10)/((-9)/(-45)). Let u be -1*(c + 0/(-3)). Suppose -7 = -w - 2*t, -2*w + 5*w - 3*t = u. Let v(x) = -x + 2. Determine v(w).
-5
Let z(b) = b**2 - 7*b + 5. Let y(v) = v**3 + 3*v**2 + 4*v + 3. Let u be y(-2). Let o = 5 - u. Give z(o).
-1
Let u(v) = -3*v + 15. Let p(t) = 31*t + 37*t + 7 - 69*t. Let g(r) = 5*p(r) - 2*u(r). Calculate g(-8).
-3
Let t(v) be the third derivative of -v**6/120 + 7*v**5/60 - v**4/6 - v**3/3 + 28*v**2. Calculate t(6).
10
Let g(l) = 8 - 8*l - l**2 + l**2 + l**2. Suppose -43*p + 243 = -58. Calculate g(p).
1
Let a(s) = -s - 7. Let d be (2/4)/((-11)/110). Let q(y) = -y - 6. Let x(i) = d*a(i) + 6*q(i). Let u(g) = -g**2 - 3*g + 10. Let w be u(-5). Calculate x(w).
-1
Suppose 4*x + 9*c - 8*c + 2 = 0, 2*c + 4 = -x. Let w(u) be the third derivative of -3*u**2 + 0*u**3 + x*u**4 + 1/60*u**5 + 0*u + 0. Determine w(0).
0
Let y be (-1 - (1 - 1)) + 41. Let k be y/12 - 4/(-6). Let l(n) = -13 + 33 - 3 - 4 - 7 - 2*n. What is l(k)?
-2
Suppose -3*m + 11 = q, 2*m - 7*q = -3*q - 2. Suppose -m*v - 9 = -6*v. Let o(a) = 2*a**2 - 4*a. Give o(v).
6
Let r(q) = -6*q - 14. Suppose 195*s - 190*s - 4*b + 19 = 0, 5*s + 10 = -5*b. Determine r(s).
4
Suppose -4*y - 5*c - 44 = 0, -3*c + 9 = -4*y - 3. Let h(u) = -u - 2. Calculate h(y).
4
Let o be 2 + (-10)/(-5) - 10. Let a(b) = 8*b + 49. Calculate a(o).
1
Let x(u) = -u**3 - u**2 - u. Let r(y) = -3*y**3 + 7*y**2 + 5*y. Let n(l) = -r(l) + 4*x(l). Give n(-10).
-10
Let a(s) = s**2 + s - 2. Let m(h) = 19*h - 18*h + 11 - 2. Let i be m(-11). What is a(i)?
0
Let f(u) = 15*u + 17*u - 23 + 16*u - 47*u. Determine f(8).
-15
Let f be (-54)/(-66) + -1 + (-167)/(-11). Let h(v) = -v**3 + 15*v**2 - 2*v + 7. What is h(f)?
-23
Let p(y) be the second derivative of 18*y - 1/6*y**3 + 0*y**2 + 0. Let b be (1/(-2))/(2/4). What is p(b)?
1
Let s(h) = -h**3 - 5*h**2 + 4. Suppose 2*a = 3*a + 5. Let c be s(a). Let n(w) be the third derivative of -w**4/24 + w**3/2 - 3*w**2. What is n(c)?
-1
Let u(v) = v + 7. Let w(a) = 5*a + 43. Let l(c) = -6*u(c) + w(c). Let q(m) = m**2 - m + 1. Let p be q(0). What is l(p)?
0
Suppose -43 = -5*i + 12. Let j(m) = 10 - i + 4*m**2 + 2*m + 0*m. Determine j(1).
5
Let l(q) = -q + 6. Suppose -o + 41 = 44. Let x(z) = -2*z**2 - 3*z + 3. Let c be x(o). Calculate l(c).
12
Let j(z) be the first derivative of -z**4/4 + 34*z + 62. What is j(0)?
34
Suppose 2*b = 7*b - 15. Let i(t) = -1 + 2 - b + t**2 + 0*t**2. Let m(y) = -y**2 - 10*y - 2. Let f be m(-10). Calculate i(f).
2
Let u = 26 + -23. Suppose 0*o = -o + u. Let z(h) = o*h - 3*h - 2*h - 2*h. Calculate z(1).
-4
Let t(u) be the third derivative of -u**4/8 + u**3/6 - 72*u**2. Let h = -4 + 2. What is t(h)?
7
Let r(k) = 85*k**2 - 10*k**3 - 183*k**2 + 2*k - 8*k + 9*k**3 + 92*k**2. Suppose 4*q + 23 = p, 0 = -2*q - 0*q - 5*p + 5. Calculate r(q).
5
Suppose 5*q + 12 = -3*b, -q - 3*b - 12 = -2*q. Let t(p) be the second derivative of -p**3/6 + 5*p**2 - 747*p. Calculate t(q).
10
Let m be 15/(-6)*(-4)/10. Let n(k) = -k + 2*k + m - 6 + 2. Determine n(6).
3
Let z(i) be the third derivative of -29*i**2 + 0*i**4 - 1/6*i**3 + 1/10*i**5 + 0*i + 0. Suppose 2*v + 5*w + 0 = 3, 0 = -v - 4*w + 3. Give z(v).
5
Let t(k) = 5*k**2 - 10*k - 7. Suppose v + 3 = 1. Let n(f) = 2*f**2 - 3*f - 2. Let j(w) = v*t(w) + 7*n(w). What is j(-1)?
5
Let v(m) = -m + 26. Let q(r) = -r + 1. Let l(a) = 4*q(a) + v(a). Let o be l(7). Let z(s) = s + 5. Calculate z(o).
0
Let i(a) = a**2 + a. Let g(o) = -7*o**2 - 15*o - 9. Let v(z) = -g(z) - 6*i(z). Let s be (4 - (-16)/(-8))*21/(-6). Give v(s).
-5
Let d(q) = 7*q**3 - q**2 + 1. Let m = 12 + -2. Let c be 8/m - (-90)/(-50). What is d(c)?
-7
Let m(b) be the first derivative of -1/2*b**2 + 0*b - 49. Calculate m(1).
-1
Let l(s) = 3*s + 8. Let p(x) = 2*x**2 - 20*x + 36. Let r be p(7). Determine l(r).
-10
Suppose f - 8 = -4*j + 5*f, 2*j - f = 2. Suppose 0 = -o - 4 + 9. Let z(t) = 2 + 1 - 19*t**2 + o + 18*t**2 - t. What is z(j)?
8
Let j(x) = -2*x - x + 7*x + 2*x - 7*x - 14. Give j(-7).
-7
Let u(d) be the third derivative of d**5/60 + 3*d**4/8 - 7*d**3/6 - 70*d**2. What is u(-9)?
-7
Let h(w) = 2*w + 7. Let t(o) = o + 4. Let x(y) = -3*h(y) + 5*t(y). Suppose -4*m + 7*m + 4*g = 0, 2*m + 17 = 3*g. What is x(m)?
3
Let t be 8 - (-8)/(-6)*3. Suppose 0 = i - 3, t*q + 4*i + 5 = -i. Let v(j) = -j**2. Let l(r) = -6*r**2 - 4*r - 4. Let h(f) = q*v(f) + l(f). Determine h(-4).
-4
Let p(s) = 5*s**2 + 4*s + 4. Let c(l) = -11*l**2 - 9*l - 10. Let k(o) = -4*c(o) - 9*p(o). Let d(m) = -m + 3. Let q be d(3). What is k(q)?
4
Let d(o) = -o**3 - o**2 - o + 1. Let i = 177 + -177. Determine d(i).
1
Let q(m) = -m - 12. Let i be q(6). Let p be -3*-6*(-1)/i*-3. Let y(n) = n**2 + 5*n + 3. Calculate y(p).
-3
Let l(p) = -p - 3. Suppose 8 = 4*o, -9 = -3*n + o + 1. Let h be 1 + 10*n/(-8). Determine l(h).
1
Let z(a) = a - 1. Let u(f) = -f - 1. Let p(n) = 7*n**2 - 3*n - 8. Let o(c) = -p(c) + 5*u(c). Let i(r) = -o(r) - 2*z(r). Calculate i(1).
6
Let y(h) = -7*h - 5. Let c(i) = -2*i + 1. Let d(f) = -5*c(f) + y(f). Let r be d(6). Let j(n) = -n**2 + 9*n - 2. Determine j(r).
6
Let p(k) = k**3 + 6*k**2 + 2*k - 7. Let x be p(-4). Let g = -13 + x. Let w(b) = -3*b - 4*b**2 + b**2 + 0*b - 2 + g*b. Give w(2).
-12
Let k = -5 - -2. Let q(a) be the second derivative of a**5/60 + 5*a**4/24 + a**3/3 - 4*a**2 + 9*a. Let n(c) be the first derivative of q(c). What is n(k)?
-4
Suppose 0 = v - 0 + 3, 3*i - 5*v = 9. Let h be i*(-3 - 14/(-4)). Let l(k) = k**2 - k. What is l(h)?
2
Let h(k) = k**2 + 10*k - 11. Let m(z) = -z - 27. Let g be m(-16). Determine h(g).
0
Suppose t + 11 = 4*b, -191 = 3*t - 206. Let a(q) be the third derivative of 0*q + 1/3*q**3 + 1/6*q**b - 1/60*q**5 + 0 - 6*q**2. Calculate a(6).
-10
Let f(l) = l**2 - 8*l + 8. Let y(o) = 4*o + 2. Let b be (12 - 12)/(4*-1). Suppose b*x - 4 = -4*x. Let c be y(x). Give f(c).
-4
Let k(y) = -3 - 2 + 2*y - 3 + 0. What is k(7)?
6
Let o(z) = -3*z**2. Let p = 14 + -10. Suppose -3*f - 2*v = -7, 2*f - p*v + 21 = f. Calculate o(f).
-3
Let d = 94 + -76. Let o(c) = 3 + 17*c - 36*c + d*c. What is o(3)?
0
Suppose 4*u + 13 = -2*l + 29, u = -5*l - 14. Let j(d) = d**3 - 3*d**2 - 20*d + 8. Calculate j(u).
-4
Let i(o) = o - 1. Let z = 65 - 66. Let d(c) = c - 3. Let r(g) = z*d(g) + 5*i(g). Suppose -3 = -2*p + 3. Calculate r(p).
10
Let p(v) be the second derivative of -v**5/12 - v**3/6 + v**2 - 5*v. Let l(j) be the first derivative of p(j). Determine l(-1).
-6
Suppose -4*b = -g - 41, 4*b = 2*g + 81 - 7. Let r = -7 - g. Let v(w) = 3 - r*w**2 + 2 + 32*w**2 - w**3 + 7*w. What is v(7)?
5
Suppose 306*p = 295*p - 10 - 34. Let t(v) = -6 + v - 4*v**2 - 3*v - v - v**3. Give t(p).
6
Let z(t) be the third derivative of -t**6/120 + t**5/60 + 3*t**4/8 - t**3/6 - 441*t**2. Give z(-3).
8
Let w(o) = -25*o**3 + o. Let k be 2/(-7) + 1130/35*1. Suppose k*n + 5 = 27*n. Calculate w(n).
24
Let v be 1 + 1 + (-8 - -2). Let r(m) = -6*m + 19. Let n(b) = -b + 9. Let d(k) = 2*n(k) - r(k). Give d(v).
-17
Let o(t) be the first derivative of 2*t**3/3 - 3*t**2 + t - 29. Calculate o(4).
9
Let f(a) = 2*a + 1. Suppose 6*d = y + 2*d, -4*y + 5*d + 11 = 0. Calculate f(y).
9
Suppose 7*v - 5*k - 14 = 6*v, 5*k = 2*v - 18. Let n(t) = -5*t + 22. Calculate n(v).
2
Let x(q) = -q - q**2 - 5 + 2*q + q. Let c(w) be the first derivative of w**4/4 - 13*w**3/3 + 11*w**2/2 + 16*w + 10. Let s be c(12). What is x(s)?
-13
Suppose 6*h + 37 = -5. Let y(x) = x - 1. Let p(q) = 3 + 3*q - 1 + 6*q - 3*q. Let b(d) = p(d) - 5*y(d). Give b(h).
0
Let g(z) be the second derivative of -z**7/2520 - 11*z**6/720 + 2*z**5/15 - 5*z**4/3 + 21*z. Let a(y) be the third derivative of g(y). What is a(-12)?
4
Suppose 349 - 319 = 6*w. Let j(l) = -l**2 + 6*l + 1. Determine j(w).
6
Let r(j) be the third derivative of -j**5/20 - j**4/24 + 72*j**2 - 2*j. Suppose -4*w + 5 = w. Give r(w).
-4
Let w(g) be t